z = -f*z - b. Is z composite?
True
Let s = 8 - 6. Let k be (-4)/10 + (-12)/(-5). Suppose -s*m - k = -48. Is m a composite number?
False
Suppose -5*k - 5625 = -10*k. Suppose 5*q + 0*c - 5*c - k = 0, 227 = q - 2*c. Is q a prime number?
True
Let v(w) = -34*w. Suppose 1 = -h - f, f + 19 = 4*h + h. Let u be (-2)/h - 1/3. Is v(u) composite?
True
Let q = 1 - -8. Is q a composite number?
True
Let p = 30 - -57. Is p a prime number?
False
Let l(f) = f - 1. Let k(a) = -44*a + 12. Let j(u) = 2*k(u) + 22*l(u). Let b be 5*4/30*-3. Is j(b) a composite number?
True
Let g(n) = -1 + 0*n + 15 + n. Let y be g(-12). Suppose -w = -y*w + 2*u + 15, w = 5*u + 15. Is w prime?
False
Let i(j) be the second derivative of j**7/280 - j**6/360 + j**5/40 + j**4/6 + 2*j. Let t(n) be the third derivative of i(n). Is t(2) composite?
True
Let c(f) be the second derivative of -f**6/60 - 7*f**5/60 + 5*f**4/24 - f**3/6 - 3*f**2/2 + 3*f. Let v(o) be the first derivative of c(o). Is v(-6) prime?
True
Let f be 0 + -3 - (-3 - -756). Let i = -521 - f. Is i composite?
True
Let f(h) = 2*h**2 + 34*h + 49. Is f(-26) composite?
True
Let f(g) be the second derivative of g**5/60 - g**4/24 + g**3/6 + g**2/2 + 2*g. Let t(b) be the first derivative of f(b). Is t(-4) a prime number?
False
Let k = -1 + -7. Let h(w) = 41 - 13 - 17 + w**2 + 7*w. Is h(k) a composite number?
False
Suppose -5*w + 12 = -2*w. Suppose -r - 2*k - w = 0, 0*r + 3*r - 3*k = 15. Let n(m) = 12*m**2 + 1. Is n(r) a composite number?
True
Let o = -9 + 15. Is 16/o - (-4)/(-6) a composite number?
False
Let u(q) be the second derivative of -q**6/120 - q**4/24 + 97*q**3/6 + q**2/2 - 2*q. Let f(b) be the first derivative of u(b). Is f(0) composite?
False
Is 5/(-45) - (-196790)/45 a prime number?
True
Let w = -536 + 950. Suppose -w - 288 = -x. Suppose -x = -2*b - 116. Is b a composite number?
False
Suppose 5*d - 7982 = 2*t, -d + 2*t = -817 - 781. Suppose v - d = -3*v. Suppose 2*s = -s + v. Is s composite?
True
Let p(g) = g**2 - g. Suppose 0 = -3*y - i + 4*i - 18, -2*i + 16 = -4*y. Let h be p(y). Is h/(-12)*(-117 - 1) a composite number?
False
Let q(u) = -2*u**3 - 6*u**2 + 3. Let f be q(-4). Let h = 39 + f. Suppose -4*l + 161 = -2*l + 3*t, h = l - 5*t. Is l prime?
True
Let f(b) = -3*b**3 - 5*b**2 + 3*b + 3. Let g(l) = 4*l**3 + 5*l**2 - 3*l - 4. Let m(w) = -3*f(w) - 2*g(w). Is m(3) composite?
True
Suppose x - 483 = 2*f, 8 = 2*f - 0*f. Is x a composite number?
False
Let g be 21/(-2 - (1 - 2)). Let c = g - -40. Is c composite?
False
Let y(n) be the first derivative of n**3 + 5*n**2/2 - n - 1. Is y(-6) a composite number?
True
Let n(h) = -h**3 - 9*h**2 - 5*h + 4. Let k be n(-6). Let o = -158 - k. Let c = 275 + o. Is c composite?
False
Let a = 101 + -52. Suppose 3*g - 90 = 8*g. Let m = a + g. Is m composite?
False
Suppose -16*f + 11*f = -22865. Is f a prime number?
False
Let o be 0/(-11) - (-1 + -135). Let a = o + -69. Is a a composite number?
False
Let w = -255 + 776. Is w a prime number?
True
Suppose -m - 4*g + 73 = -0*m, -342 = -5*m + 3*g. Is m a prime number?
False
Let r(x) = 0*x**2 + 0*x + 6 - 4*x + 3*x**2 + 4*x**2. Is r(8) a composite number?
True
Let i(p) = -p**2 + 3*p + 4. Let a be i(3). Suppose 0 = 2*z + z + 3*k + 141, 4*z - a*k + 156 = 0. Let j = z - -77. Is j a composite number?
True
Let w(o) = -o**3 - 3*o**2 - 2*o - 4. Let q be w(-3). Let s(u) = 2*u**3 + u**2 - 2*u + 3. Let g be s(2). Suppose -g = q*i - 3*i. Is i a composite number?
False
Let s(l) be the second derivative of -l**4/12 - 7*l**3/6 - l**2 - l. Let h be s(-6). Let k(n) = n**2 - 2*n - 1. Is k(h) a prime number?
True
Let q(m) = m**2 + 4*m + 3. Suppose 0 = -4*t + 18 - 50. Is q(t) a composite number?
True
Suppose -4*z + 14 = 2*x, -2*z + 1 - 4 = -x. Suppose -x*n = -n - 484. Is n composite?
True
Let d = -23 - -26. Suppose 0 = -d*r - r + 268. Is r a composite number?
False
Let p = -525 + 1062. Let m = -214 + p. Is m composite?
True
Let t(i) = i**2 + 2*i + 1. Let c be t(-3). Is (-22)/3*(-30)/c composite?
True
Suppose -4315 = -3*h + 1154. Is h a composite number?
False
Let h(s) = 66*s**2 - 3*s + 4. Let o be h(3). Suppose -2*k - 593 = -0*w + w, 0 = 2*k - 3*w + o. Is (k/(-10))/((-12)/(-30)) a composite number?
True
Suppose 722 = 5*g - 623. Is g composite?
False
Let w(m) = 3*m**2 + 3*m - 5. Let k = 10 + -5. Let f be w(k). Suppose -5*x = f - 410. Is x a prime number?
False
Let t be ((-2)/4)/((-4)/136). Let d be 2*-1 + 4 - t. Is (-238)/(-5) + d/25 a composite number?
False
Let f be (-18)/(-4) + (-4)/(-8). Let l = 9 - f. Is 652/28 + l/(-14) a composite number?
False
Let b = -1418 - -1998. Suppose -2*n + b = 2*n. Is n a prime number?
False
Suppose 11 = 3*k - 1. Suppose k*g = -v + 15, 0*v + 3*g - 16 = -v. Is v composite?
False
Let s(c) = -34*c + 1. Let i be s(-5). Suppose 0 = 4*q - n - i, -2*q - q + 2*n = -127. Is q a composite number?
False
Let t be 26/10 - 6/(-15). Suppose -t*k + 212 = k. Is k a composite number?
False
Let r be 0 - 4 - -2 - -453. Suppose r = 5*d - 474. Is d prime?
False
Let u(x) = -x**3 - 3*x**2 + 4*x - 5. Let q(g) = -g**2 - 6*g + 10. Let r be q(-8). Is u(r) a prime number?
True
Let y(z) = -2*z + 2 + 3*z**2 + 2 - 3. Is y(-3) a prime number?
False
Let r = 9 + 0. Suppose -3*k + 0*k - r = 0. Is (k/(-3))/((-1)/(-14)) a composite number?
True
Let c(w) = -w**2 - 9*w + 11. Let i be c(-10). Let b = i - -6. Is b a composite number?
False
Let g(w) = -w + 1. Let r(f) = -f**2 - 4*f - 7. Let j(m) = 4*g(m) + r(m). Is j(-7) composite?
True
Let k(j) = 26*j**2 - 2*j + 2. Let a be k(2). Let h = -47 + a. Is h a prime number?
False
Let a = 13 - -12. Suppose 29 - 9 = -2*q - 4*s, -5*s - a = -4*q. Is 1 - q - (-58 + 1) a composite number?
True
Let g = -1002 + 1981. Is g a prime number?
False
Is (-212)/(-6)*(-18)/(-12) a prime number?
True
Let r(z) = 2*z - 1. Let y(n) = -n**3 + 4*n**2 + 3*n + 2. Let v be y(6). Let j be v/(-14) - 4/(-14). Is r(j) prime?
True
Suppose -p = -2 - 2. Let n(d) = d**2 + 4 + 8*d - p. Is n(-9) composite?
True
Let x be 1/(1*4/12). Suppose -x*a + 174 + 57 = 0. Is a composite?
True
Let t(o) = -983*o + 11. Is t(-4) a composite number?
False
Let m = -3562 - -5091. Is m a composite number?
True
Let f(t) = -2*t - 4. Let g be f(-8). Suppose 2*n = -2*n + g. Is 162 - (-2 - n/(-3)) composite?
False
Let d = 587 + -378. Suppose -d + 1264 = 5*i. Is i prime?
True
Suppose -l - 2*l + 2*t = -3399, 5*l = 3*t + 5665. Is l a composite number?
True
Suppose -4*g - 2*g = -11226. Suppose 5*u = 474 + g. Is u a prime number?
False
Let t(n) = -n + 2. Let v = 5 + 16. Suppose -k + 2*c - 14 = -0*k, -k + v = 5*c. Is t(k) prime?
False
Let h(u) = -u + 4. Let s be h(-6). Let d = s - -4. Is d prime?
False
Is 328/(-12)*78/(-4) composite?
True
Suppose -5*g + 14 = -1. Suppose 6*d - d = 2*v - 216, 0 = 4*v + g*d - 484. Suppose 0 = 5*q - 147 - v. Is q a prime number?
True
Let c(z) be the second derivative of -z**6/720 + 157*z**5/120 + z**4/12 + 2*z. Let g(w) be the third derivative of c(w). Is g(0) a composite number?
False
Suppose -781 = -3*g + 3*d - 4*d, 2*d + 510 = 2*g. Is g a composite number?
True
Let u(w) = w**3 - 6*w**2 - 8*w + 8. Let r be u(7). Let a be 2/((-2)/(-4*r)). Suppose -a*c + 49 = -7. Is c composite?
True
Suppose 0 = -f + 5*f - 308. Is f prime?
False
Suppose -10*f + 7 = -9*f. Is f prime?
True
Let b = 15 + -8. Suppose b*x = 2*x + 5*k + 3355, -3*x + 1997 = k. Is x a prime number?
False
Suppose 14644 = 4*b - 3*h, -2*b - 2*h + 7322 = -0*h. Is b composite?
True
Suppose -2*k + 44 = -4. Let n = 139 - k. Is n composite?
True
Suppose 0 = 4*q + 2*c - 2, -2*c + 5 = 5*q + 3*c. Suppose q*l + 69 = 3*l. Is l a prime number?
True
Let p = 1293 + -492. Is (2/6)/(3/p) a composite number?
False
Suppose 12 = 3*f, 3*b - 4*f = f - 23. Let o be 2*6/(-36) + (-13177)/(-3). Is b/(-3)*o/8 a prime number?
False
Suppose 20 = -4*d - 0, 65 = 3*l - 4*d. Is l a composite number?
True
Suppose -4*i + 3*f + 3188 = 0, -i + 797 = -0*i - 3*f. Is i a prime number?
True
Suppose 4*c + 5*o - 1598 = 0, 2*c + 3*c - 3*o = 1979. Is c a prime number?
True
Suppose -f - 3*y + 41 = 0, 0 = 3*f - 0*f - 5*y - 165. Let z = 33 + f. Is z a prime number?
True
Suppose 3 = -2*g - 3*q - 13, -3*g = q + 38. Let z = 125 + g. Is z prime?
False
Let g = 25 - -27. Let a = g - 30. Is a prime?
False
Let m(n) = 6*n**2 - 3*n + 5. Is m(-14) composite?
False
Let 